{"id":8,"date":"2017-04-30T12:26:39","date_gmt":"2017-04-30T11:26:39","guid":{"rendered":"http:\/\/wp12402730.server-he.de\/web\/?page_id=8"},"modified":"2017-11-28T19:45:41","modified_gmt":"2017-11-28T18:45:41","slug":"hundeschlittenevents","status":"publish","type":"page","link":"https:\/\/www.diehundemeisterei.de\/?page_id=8","title":{"rendered":"Schlittenhundeevents"},"content":{"rendered":"<h2><\/h2>\n<h2>Faszination Schlittenhunde<\/h2>\n<p>Erleben Sie Fahrten mit dem Gespann, wandern mit Schlittenhunden und Vieles mehr.<br \/>\nAb<strong> sofort<\/strong> auch als <strong>Geschenk &#8211; Gutscheine<\/strong> bei uns erh\u00e4ltlich.<br \/>\nAuch f\u00fcr Menschen mit Beeintr\u00e4chtigungen und Senioren, denn unsere Hunde arbeiten in der Hund-gest\u00fctzten Therapie.<br \/>\nNach Absprache auch bei Ihnen zu Hause.<\/p>\n<p><strong>F\u00fcr weitere Informationen oder spezielle W\u00fcnsche rufen Sie uns bitte an oder schreiben Sie uns eine Mail! Gern unterbreiten wir Ihnen ein pers\u00f6nliches Angebot.<\/strong><\/p>\n<p><a href=\"http:\/\/wp12402730.server-he.de\/web\/wp-content\/uploads\/2017\/11\/team_snow.jpg\"><img loading=\"lazy\" decoding=\"async\" class=\"alignnone size-medium wp-image-312\" src=\"http:\/\/wp12402730.server-he.de\/web\/wp-content\/uploads\/2017\/11\/team_snow-225x300.jpg\" alt=\"\" width=\"225\" height=\"300\" srcset=\"https:\/\/www.diehundemeisterei.de\/wp-content\/uploads\/2017\/11\/team_snow-225x300.jpg 225w, https:\/\/www.diehundemeisterei.de\/wp-content\/uploads\/2017\/11\/team_snow.jpg 648w\" sizes=\"(max-width: 225px) 100vw, 225px\" \/><\/a>\u00a0<a href=\"http:\/\/wp12402730.server-he.de\/web\/wp-content\/uploads\/2017\/11\/gespann.jpg\"><img loading=\"lazy\" decoding=\"async\" class=\"alignnone size-medium wp-image-309\" src=\"http:\/\/wp12402730.server-he.de\/web\/wp-content\/uploads\/2017\/11\/gespann-225x300.jpg\" alt=\"\" width=\"225\" height=\"300\" srcset=\"https:\/\/www.diehundemeisterei.de\/wp-content\/uploads\/2017\/11\/gespann-225x300.jpg 225w, https:\/\/www.diehundemeisterei.de\/wp-content\/uploads\/2017\/11\/gespann.jpg 720w\" sizes=\"(max-width: 225px) 100vw, 225px\" \/><\/a> <a href=\"http:\/\/wp12402730.server-he.de\/web\/wp-content\/uploads\/2017\/11\/wanderung.jpg\"><img loading=\"lazy\" decoding=\"async\" class=\"alignnone size-medium wp-image-313\" src=\"http:\/\/wp12402730.server-he.de\/web\/wp-content\/uploads\/2017\/11\/wanderung-225x300.jpg\" alt=\"\" width=\"225\" height=\"300\" srcset=\"https:\/\/www.diehundemeisterei.de\/wp-content\/uploads\/2017\/11\/wanderung-225x300.jpg 225w, https:\/\/www.diehundemeisterei.de\/wp-content\/uploads\/2017\/11\/wanderung.jpg 450w\" sizes=\"(max-width: 225px) 100vw, 225px\" \/><\/a>\u00a0<a href=\"http:\/\/wp12402730.server-he.de\/web\/wp-content\/uploads\/2017\/11\/rolli.jpg\"><img loading=\"lazy\" decoding=\"async\" class=\"alignnone size-medium wp-image-310\" src=\"http:\/\/wp12402730.server-he.de\/web\/wp-content\/uploads\/2017\/11\/rolli-225x300.jpg\" alt=\"\" width=\"225\" height=\"300\" srcset=\"https:\/\/www.diehundemeisterei.de\/wp-content\/uploads\/2017\/11\/rolli-225x300.jpg 225w, https:\/\/www.diehundemeisterei.de\/wp-content\/uploads\/2017\/11\/rolli.jpg 720w\" sizes=\"(max-width: 225px) 100vw, 225px\" \/><\/a>\u00a0<a href=\"http:\/\/wp12402730.server-he.de\/web\/wp-content\/uploads\/2017\/11\/senioren.jpg\"><img loading=\"lazy\" decoding=\"async\" class=\"alignnone size-medium wp-image-311\" src=\"http:\/\/wp12402730.server-he.de\/web\/wp-content\/uploads\/2017\/11\/senioren-300x169.jpg\" alt=\"\" width=\"300\" height=\"169\" srcset=\"https:\/\/www.diehundemeisterei.de\/wp-content\/uploads\/2017\/11\/senioren-300x169.jpg 300w, https:\/\/www.diehundemeisterei.de\/wp-content\/uploads\/2017\/11\/senioren-768x432.jpg 768w, https:\/\/www.diehundemeisterei.de\/wp-content\/uploads\/2017\/11\/senioren.jpg 800w\" sizes=\"(max-width: 300px) 100vw, 300px\" \/><\/a><\/p>\n","protected":false},"excerpt":{"rendered":"<p>Faszination Schlittenhunde Erleben Sie Fahrten mit dem Gespann, wandern mit Schlittenhunden und Vieles mehr. Ab sofort auch als Geschenk &#8211; Gutscheine bei uns erh\u00e4ltlich. Auch f\u00fcr Menschen mit Beeintr\u00e4chtigungen und Senioren, denn unsere Hunde arbeiten in der Hund-gest\u00fctzten Therapie. Nach Absprache auch bei Ihnen zu Hause. F\u00fcr weitere Informationen oder spezielle W\u00fcnsche rufen Sie uns &#8230; <span class=\"more\"><a class=\"more-link\" href=\"https:\/\/www.diehundemeisterei.de\/?page_id=8\">[Read more&#8230;]<\/a><\/span><\/p>\n","protected":false},"author":1,"featured_media":0,"parent":0,"menu_order":0,"comment_status":"closed","ping_status":"closed","template":"page-full-width.php","meta":{"footnotes":""},"_links":{"self":[{"href":"https:\/\/www.diehundemeisterei.de\/index.php?rest_route=\/wp\/v2\/pages\/8"}],"collection":[{"href":"https:\/\/www.diehundemeisterei.de\/index.php?rest_route=\/wp\/v2\/pages"}],"about":[{"href":"https:\/\/www.diehundemeisterei.de\/index.php?rest_route=\/wp\/v2\/types\/page"}],"author":[{"embeddable":true,"href":"https:\/\/www.diehundemeisterei.de\/index.php?rest_route=\/wp\/v2\/users\/1"}],"replies":[{"embeddable":true,"href":"https:\/\/www.diehundemeisterei.de\/index.php?rest_route=%2Fwp%2Fv2%2Fcomments&post=8"}],"version-history":[{"count":21,"href":"https:\/\/www.diehundemeisterei.de\/index.php?rest_route=\/wp\/v2\/pages\/8\/revisions"}],"predecessor-version":[{"id":332,"href":"https:\/\/www.diehundemeisterei.de\/index.php?rest_route=\/wp\/v2\/pages\/8\/revisions\/332"}],"wp:attachment":[{"href":"https:\/\/www.diehundemeisterei.de\/index.php?rest_route=%2Fwp%2Fv2%2Fmedia&parent=8"}],"curies":[{"name":"wp","href":"https:\/\/api.w.org\/{rel}","templated":true}]}}