{"id":589,"date":"2018-06-19T12:50:54","date_gmt":"2018-06-19T11:50:54","guid":{"rendered":"http:\/\/www.diehundemeisterei.de\/?page_id=589"},"modified":"2018-06-19T12:55:06","modified_gmt":"2018-06-19T11:55:06","slug":"aktuelle-events","status":"publish","type":"page","link":"https:\/\/www.diehundemeisterei.de\/?page_id=589","title":{"rendered":"aktuelle Events"},"content":{"rendered":"<p>Themen- Wochenende zum Yukon Quest, dem h\u00e4rtesten Schlittenhunderennen der Welt.<br \/>\n<img loading=\"lazy\" decoding=\"async\" class=\" wp-image-590 alignright\" src=\"http:\/\/wp12402730.server-he.de\/web\/wp-content\/uploads\/2018\/06\/mushers_dream2-212x300.jpg\" alt=\"\" width=\"385\" height=\"544\" \/>Mit Schlittenhunden 1600 km durch Kanada und Alaska &#8211; eins der gr\u00f6\u00dften Abenteuer der heutigen Zeit.<br \/>\nVorl\u00e4ufige feste Zusagen, denn es kommt noch mehr&#8230;.:<\/p>\n<p>Vortr\u00e4ge von Sui Kings und Carsten Griese. Beide Reisende entlang des Yukon Quest. Sui Kings, K\u00f6lner Urgestein mit dem Herzen beim Yukon Quest, Schauspieler im deutschen TV, Kommentator und Insider des Yukon Quest.<br \/>\nMit dabei: Heinz Grundel, K\u00fcnstler in Sachen Schlittenhund, ehemaliger Musher und Autor im Kynos Verlag.<\/p>\n<p><strong>Samstag Abend live aus USA :<\/strong><br \/>\n<strong>Alaskas offizieller Stateballader, Dr. of fine Arts James Varsos &#8222;Hobo Jim&#8220;, der auch das Yukon Quest jedes Jahr mit einem Konzert er\u00f6ffnet:<\/strong><br \/>\n<strong>Alaska\u00b4s Hobo Jim.<\/strong><\/p>\n<p>Der Erl\u00f6s dieser Veranstaltung wird gespendet an: Herzkinder OstFriesland e.V Aurich und Bunte Kuh e.V. Leer<\/p>\n","protected":false},"excerpt":{"rendered":"<p>Themen- Wochenende zum Yukon Quest, dem h\u00e4rtesten Schlittenhunderennen der Welt. Mit Schlittenhunden 1600 km durch Kanada und Alaska &#8211; eins der gr\u00f6\u00dften Abenteuer der heutigen Zeit. Vorl\u00e4ufige feste Zusagen, denn es kommt noch mehr&#8230;.: Vortr\u00e4ge von Sui Kings und Carsten Griese. Beide Reisende entlang des Yukon Quest. Sui Kings, K\u00f6lner Urgestein mit dem Herzen beim &#8230; <span class=\"more\"><a class=\"more-link\" href=\"https:\/\/www.diehundemeisterei.de\/?page_id=589\">[Read more&#8230;]<\/a><\/span><\/p>\n","protected":false},"author":1,"featured_media":0,"parent":8,"menu_order":0,"comment_status":"closed","ping_status":"closed","template":"page-full-width.php","meta":{"footnotes":""},"_links":{"self":[{"href":"https:\/\/www.diehundemeisterei.de\/index.php?rest_route=\/wp\/v2\/pages\/589"}],"collection":[{"href":"https:\/\/www.diehundemeisterei.de\/index.php?rest_route=\/wp\/v2\/pages"}],"about":[{"href":"https:\/\/www.diehundemeisterei.de\/index.php?rest_route=\/wp\/v2\/types\/page"}],"author":[{"embeddable":true,"href":"https:\/\/www.diehundemeisterei.de\/index.php?rest_route=\/wp\/v2\/users\/1"}],"replies":[{"embeddable":true,"href":"https:\/\/www.diehundemeisterei.de\/index.php?rest_route=%2Fwp%2Fv2%2Fcomments&post=589"}],"version-history":[{"count":2,"href":"https:\/\/www.diehundemeisterei.de\/index.php?rest_route=\/wp\/v2\/pages\/589\/revisions"}],"predecessor-version":[{"id":593,"href":"https:\/\/www.diehundemeisterei.de\/index.php?rest_route=\/wp\/v2\/pages\/589\/revisions\/593"}],"up":[{"embeddable":true,"href":"https:\/\/www.diehundemeisterei.de\/index.php?rest_route=\/wp\/v2\/pages\/8"}],"wp:attachment":[{"href":"https:\/\/www.diehundemeisterei.de\/index.php?rest_route=%2Fwp%2Fv2%2Fmedia&parent=589"}],"curies":[{"name":"wp","href":"https:\/\/api.w.org\/{rel}","templated":true}]}}